{"id":482,"date":"2021-12-08T16:11:17","date_gmt":"2021-12-08T16:11:17","guid":{"rendered":"http:\/\/funeralessanfrancisco.com\/?post_type=product&#038;p=482"},"modified":"2021-12-08T16:11:46","modified_gmt":"2021-12-08T16:11:46","slug":"cajon-rustico","status":"publish","type":"product","link":"https:\/\/funeralessanfrancisco.com\/?product=cajon-rustico","title":{"rendered":"Caj\u00f3n R\u00fastico"},"content":{"rendered":"<p>Caj\u00f3n de madera<\/p>\n","protected":false},"excerpt":{"rendered":"<p>Caj\u00f3n de madera<\/p>\n","protected":false},"featured_media":483,"comment_status":"open","ping_status":"closed","template":"","meta":{"neve_meta_sidebar":"","neve_meta_container":"","neve_meta_enable_content_width":"","neve_meta_content_width":0,"neve_meta_title_alignment":"","neve_meta_author_avatar":"","neve_post_elements_order":"","neve_meta_disable_header":"","neve_meta_disable_footer":"","neve_meta_disable_title":"","_joinchat":[]},"product_brand":[],"product_cat":[33],"product_tag":[22,31],"class_list":{"0":"post-482","1":"product","2":"type-product","3":"status-publish","4":"has-post-thumbnail","6":"product_cat-ataudes","7":"product_tag-caja","8":"product_tag-caja-funebre","10":"first","11":"instock","12":"shipping-taxable","13":"product-type-simple"},"_links":{"self":[{"href":"https:\/\/funeralessanfrancisco.com\/index.php?rest_route=\/wp\/v2\/product\/482","targetHints":{"allow":["GET"]}}],"collection":[{"href":"https:\/\/funeralessanfrancisco.com\/index.php?rest_route=\/wp\/v2\/product"}],"about":[{"href":"https:\/\/funeralessanfrancisco.com\/index.php?rest_route=\/wp\/v2\/types\/product"}],"replies":[{"embeddable":true,"href":"https:\/\/funeralessanfrancisco.com\/index.php?rest_route=%2Fwp%2Fv2%2Fcomments&post=482"}],"wp:featuredmedia":[{"embeddable":true,"href":"https:\/\/funeralessanfrancisco.com\/index.php?rest_route=\/wp\/v2\/media\/483"}],"wp:attachment":[{"href":"https:\/\/funeralessanfrancisco.com\/index.php?rest_route=%2Fwp%2Fv2%2Fmedia&parent=482"}],"wp:term":[{"taxonomy":"product_brand","embeddable":true,"href":"https:\/\/funeralessanfrancisco.com\/index.php?rest_route=%2Fwp%2Fv2%2Fproduct_brand&post=482"},{"taxonomy":"product_cat","embeddable":true,"href":"https:\/\/funeralessanfrancisco.com\/index.php?rest_route=%2Fwp%2Fv2%2Fproduct_cat&post=482"},{"taxonomy":"product_tag","embeddable":true,"href":"https:\/\/funeralessanfrancisco.com\/index.php?rest_route=%2Fwp%2Fv2%2Fproduct_tag&post=482"}],"curies":[{"name":"wp","href":"https:\/\/api.w.org\/{rel}","templated":true}]}}