{"id":27,"date":"2019-06-10T23:05:21","date_gmt":"2019-06-10T23:05:21","guid":{"rendered":"http:\/\/funeralessanfrancisco.com\/?page_id=27"},"modified":"2021-12-10T03:30:17","modified_gmt":"2021-12-10T03:30:17","slug":"servicios","status":"publish","type":"page","link":"http:\/\/funeralessanfrancisco.com\/?page_id=27","title":{"rendered":"Servicios"},"content":{"rendered":"\t\t<div data-elementor-type=\"wp-post\" data-elementor-id=\"27\" class=\"elementor elementor-27\">\n\t\t\t\t\t\t<section class=\"elementor-section elementor-top-section elementor-element elementor-element-273caa7 elementor-section-boxed elementor-section-height-default elementor-section-height-default\" data-id=\"273caa7\" data-element_type=\"section\" data-e-type=\"section\">\n\t\t\t\t\t\t<div class=\"elementor-container elementor-column-gap-default\">\n\t\t\t\t\t<div class=\"elementor-column elementor-col-100 elementor-top-column elementor-element elementor-element-49fb472\" data-id=\"49fb472\" data-element_type=\"column\" data-e-type=\"column\">\n\t\t\t<div class=\"elementor-widget-wrap elementor-element-populated\">\n\t\t\t\t\t\t<div class=\"elementor-element elementor-element-3985b71 elementor-widget elementor-widget-heading\" data-id=\"3985b71\" data-element_type=\"widget\" data-e-type=\"widget\" data-settings=\"{&quot;_animation&quot;:&quot;none&quot;}\" data-widget_type=\"heading.default\">\n\t\t\t\t<div class=\"elementor-widget-container\">\n\t\t\t\t\t<h1 class=\"elementor-heading-title elementor-size-default\">Nuestros<\/h1>\t\t\t\t<\/div>\n\t\t\t\t<\/div>\n\t\t\t\t<div class=\"elementor-element elementor-element-9acc57d elementor-widget elementor-widget-heading\" data-id=\"9acc57d\" data-element_type=\"widget\" data-e-type=\"widget\" data-widget_type=\"heading.default\">\n\t\t\t\t<div class=\"elementor-widget-container\">\n\t\t\t\t\t<h2 class=\"elementor-heading-title elementor-size-default\">SERVICIOS<\/h2>\t\t\t\t<\/div>\n\t\t\t\t<\/div>\n\t\t\t\t<div class=\"elementor-element elementor-element-4edbf7a elementor-widget-divider--view-line elementor-widget elementor-widget-divider\" data-id=\"4edbf7a\" data-element_type=\"widget\" data-e-type=\"widget\" data-widget_type=\"divider.default\">\n\t\t\t\t<div class=\"elementor-widget-container\">\n\t\t\t\t\t\t\t<div class=\"elementor-divider\">\n\t\t\t<span class=\"elementor-divider-separator\">\n\t\t\t\t\t\t<\/span>\n\t\t<\/div>\n\t\t\t\t\t\t<\/div>\n\t\t\t\t<\/div>\n\t\t\t\t<div class=\"elementor-element elementor-element-324dcd5 elementor-widget elementor-widget-text-editor\" data-id=\"324dcd5\" data-element_type=\"widget\" data-e-type=\"widget\" data-widget_type=\"text-editor.default\">\n\t\t\t\t<div class=\"elementor-widget-container\">\n\t\t\t\t\t\t\t\t\tNos especializamos en servicios funerarios en el Oriente de Guatemala, con m\u00e1s de 29 a\u00f1os de experiencia, \nsiendo el respaldo que su familia necesita en los momentos mas dif\u00edciles.\t\t\t\t\t\t\t\t<\/div>\n\t\t\t\t<\/div>\n\t\t\t\t\t<\/div>\n\t\t<\/div>\n\t\t\t\t\t<\/div>\n\t\t<\/section>\n\t\t\t\t<section class=\"elementor-section elementor-top-section elementor-element elementor-element-1501e5b elementor-section-boxed elementor-section-height-default elementor-section-height-default\" data-id=\"1501e5b\" data-element_type=\"section\" data-e-type=\"section\">\n\t\t\t\t\t\t<div class=\"elementor-container elementor-column-gap-default\">\n\t\t\t\t\t<div class=\"elementor-column elementor-col-50 elementor-top-column elementor-element elementor-element-c87ebe0\" data-id=\"c87ebe0\" data-element_type=\"column\" data-e-type=\"column\">\n\t\t\t<div class=\"elementor-widget-wrap elementor-element-populated\">\n\t\t\t\t\t\t<div class=\"elementor-element elementor-element-6a0eccf elementor-invisible elementor-widget elementor-widget-image\" data-id=\"6a0eccf\" data-element_type=\"widget\" data-e-type=\"widget\" data-settings=\"{&quot;_animation&quot;:&quot;fadeIn&quot;}\" data-widget_type=\"image.default\">\n\t\t\t\t<div class=\"elementor-widget-container\">\n\t\t\t\t\t\t\t\t\t\t\t\t\t\t\t<img fetchpriority=\"high\" decoding=\"async\" width=\"1024\" height=\"578\" src=\"http:\/\/funeralessanfrancisco.com\/wp-content\/uploads\/2019\/06\/Firma-de-un-servicio-funerario-1024x578.jpg\" class=\"attachment-large size-large wp-image-172\" alt=\"\" srcset=\"http:\/\/funeralessanfrancisco.com\/wp-content\/uploads\/2019\/06\/Firma-de-un-servicio-funerario-1024x578.jpg 1024w, http:\/\/funeralessanfrancisco.com\/wp-content\/uploads\/2019\/06\/Firma-de-un-servicio-funerario-600x339.jpg 600w, http:\/\/funeralessanfrancisco.com\/wp-content\/uploads\/2019\/06\/Firma-de-un-servicio-funerario-300x169.jpg 300w, http:\/\/funeralessanfrancisco.com\/wp-content\/uploads\/2019\/06\/Firma-de-un-servicio-funerario-768x433.jpg 768w, http:\/\/funeralessanfrancisco.com\/wp-content\/uploads\/2019\/06\/Firma-de-un-servicio-funerario.jpg 1187w\" sizes=\"(max-width: 1024px) 100vw, 1024px\" \/>\t\t\t\t\t\t\t\t\t\t\t\t\t\t\t<\/div>\n\t\t\t\t<\/div>\n\t\t\t\t\t<\/div>\n\t\t<\/div>\n\t\t\t\t<div class=\"elementor-column elementor-col-50 elementor-top-column elementor-element elementor-element-0082710\" data-id=\"0082710\" data-element_type=\"column\" data-e-type=\"column\">\n\t\t\t<div class=\"elementor-widget-wrap elementor-element-populated\">\n\t\t\t\t\t\t<div class=\"elementor-element elementor-element-c48d257 elementor-widget elementor-widget-heading\" data-id=\"c48d257\" data-element_type=\"widget\" data-e-type=\"widget\" data-widget_type=\"heading.default\">\n\t\t\t\t<div class=\"elementor-widget-container\">\n\t\t\t\t\t<h2 class=\"elementor-heading-title elementor-size-default\">Contratos Funerarios<\/h2>\t\t\t\t<\/div>\n\t\t\t\t<\/div>\n\t\t\t\t<div class=\"elementor-element elementor-element-0e75054 elementor-widget elementor-widget-text-editor\" data-id=\"0e75054\" data-element_type=\"widget\" data-e-type=\"widget\" data-widget_type=\"text-editor.default\">\n\t\t\t\t<div class=\"elementor-widget-container\">\n\t\t\t\t\t\t\t\t\tEstar preparados para los momentos inesperados de la vida es un gran legado de amor y tranquilidad para nuestros seres queridos.\n<br>En Funerales San Francisco te ofrecemos facilidades de pago y grandes beneficios sin recargo adicional.\nEvita que tus familiares deban tomar decisiones en un momento emocionalmente complicado y que gocen del mejor servicio de la regi\u00f3n.\t\t\t\t\t\t\t\t<\/div>\n\t\t\t\t<\/div>\n\t\t\t\t<div class=\"elementor-element elementor-element-bf96930 elementor-button-warning elementor-widget elementor-widget-button\" data-id=\"bf96930\" data-element_type=\"widget\" data-e-type=\"widget\" data-widget_type=\"button.default\">\n\t\t\t\t<div class=\"elementor-widget-container\">\n\t\t\t\t\t\t\t\t\t<div class=\"elementor-button-wrapper\">\n\t\t\t\t\t<a class=\"elementor-button elementor-button-link elementor-size-sm\" href=\"http:\/\/funeralessanfrancisco.com\/?page_id=29\">\n\t\t\t\t\t\t<span class=\"elementor-button-content-wrapper\">\n\t\t\t\t\t\t\t\t\t<span class=\"elementor-button-text\">Cont\u00e1ctenos<\/span>\n\t\t\t\t\t<\/span>\n\t\t\t\t\t<\/a>\n\t\t\t\t<\/div>\n\t\t\t\t\t\t\t\t<\/div>\n\t\t\t\t<\/div>\n\t\t\t\t\t<\/div>\n\t\t<\/div>\n\t\t\t\t\t<\/div>\n\t\t<\/section>\n\t\t\t\t<section class=\"elementor-section elementor-top-section elementor-element elementor-element-8e7fb53 elementor-section-boxed elementor-section-height-default elementor-section-height-default\" data-id=\"8e7fb53\" data-element_type=\"section\" data-e-type=\"section\">\n\t\t\t\t\t\t<div class=\"elementor-container elementor-column-gap-default\">\n\t\t\t\t\t<div class=\"elementor-column elementor-col-50 elementor-top-column elementor-element elementor-element-b168b6f\" data-id=\"b168b6f\" data-element_type=\"column\" data-e-type=\"column\">\n\t\t\t<div class=\"elementor-widget-wrap elementor-element-populated\">\n\t\t\t\t\t\t<div class=\"elementor-element elementor-element-6376dfd elementor-invisible elementor-widget elementor-widget-image\" data-id=\"6376dfd\" data-element_type=\"widget\" data-e-type=\"widget\" data-settings=\"{&quot;_animation&quot;:&quot;fadeIn&quot;}\" data-widget_type=\"image.default\">\n\t\t\t\t<div class=\"elementor-widget-container\">\n\t\t\t\t\t\t\t\t\t\t\t\t\t\t\t<img decoding=\"async\" width=\"339\" height=\"170\" src=\"http:\/\/funeralessanfrancisco.com\/wp-content\/uploads\/2019\/06\/CAJA6.jpg\" class=\"attachment-large size-large wp-image-158\" alt=\"\" srcset=\"http:\/\/funeralessanfrancisco.com\/wp-content\/uploads\/2019\/06\/CAJA6.jpg 339w, http:\/\/funeralessanfrancisco.com\/wp-content\/uploads\/2019\/06\/CAJA6-300x150.jpg 300w\" sizes=\"(max-width: 339px) 100vw, 339px\" \/>\t\t\t\t\t\t\t\t\t\t\t\t\t\t\t<\/div>\n\t\t\t\t<\/div>\n\t\t\t\t\t<\/div>\n\t\t<\/div>\n\t\t\t\t<div class=\"elementor-column elementor-col-50 elementor-top-column elementor-element elementor-element-f4ecc55\" data-id=\"f4ecc55\" data-element_type=\"column\" data-e-type=\"column\">\n\t\t\t<div class=\"elementor-widget-wrap elementor-element-populated\">\n\t\t\t\t\t\t<div class=\"elementor-element elementor-element-9d5dfc9 elementor-widget elementor-widget-heading\" data-id=\"9d5dfc9\" data-element_type=\"widget\" data-e-type=\"widget\" data-widget_type=\"heading.default\">\n\t\t\t\t<div class=\"elementor-widget-container\">\n\t\t\t\t\t<h2 class=\"elementor-heading-title elementor-size-default\">Dise\u00f1os de Ataudes<\/h2>\t\t\t\t<\/div>\n\t\t\t\t<\/div>\n\t\t\t\t<div class=\"elementor-element elementor-element-1d68aae elementor-widget elementor-widget-text-editor\" data-id=\"1d68aae\" data-element_type=\"widget\" data-e-type=\"widget\" data-widget_type=\"text-editor.default\">\n\t\t\t\t<div class=\"elementor-widget-container\">\n\t\t\t\t\t\t\t\t\t<p>Comercializamos ata\u00fades de calidad a precios justos con variedad de estilos y dise\u00f1os. En finos acabados de madera o metal<\/p>\t\t\t\t\t\t\t\t<\/div>\n\t\t\t\t<\/div>\n\t\t\t\t<div class=\"elementor-element elementor-element-addb1b1 elementor-button-warning elementor-align-left elementor-widget elementor-widget-button\" data-id=\"addb1b1\" data-element_type=\"widget\" data-e-type=\"widget\" data-widget_type=\"button.default\">\n\t\t\t\t<div class=\"elementor-widget-container\">\n\t\t\t\t\t\t\t\t\t<div class=\"elementor-button-wrapper\">\n\t\t\t\t\t<a class=\"elementor-button elementor-button-link elementor-size-sm\" href=\"http:\/\/funeralessanfrancisco.com\/?product_cat=paquete-funerario\">\n\t\t\t\t\t\t<span class=\"elementor-button-content-wrapper\">\n\t\t\t\t\t\t\t\t\t<span class=\"elementor-button-text\">Ver Dise\u00f1os<\/span>\n\t\t\t\t\t<\/span>\n\t\t\t\t\t<\/a>\n\t\t\t\t<\/div>\n\t\t\t\t\t\t\t\t<\/div>\n\t\t\t\t<\/div>\n\t\t\t\t\t<\/div>\n\t\t<\/div>\n\t\t\t\t\t<\/div>\n\t\t<\/section>\n\t\t\t\t<section class=\"elementor-section elementor-top-section elementor-element elementor-element-3614396 elementor-section-boxed elementor-section-height-default elementor-section-height-default\" data-id=\"3614396\" data-element_type=\"section\" data-e-type=\"section\">\n\t\t\t\t\t\t<div class=\"elementor-container elementor-column-gap-default\">\n\t\t\t\t\t<div class=\"elementor-column elementor-col-50 elementor-top-column elementor-element elementor-element-60b3252\" data-id=\"60b3252\" data-element_type=\"column\" data-e-type=\"column\">\n\t\t\t<div class=\"elementor-widget-wrap elementor-element-populated\">\n\t\t\t\t\t\t<div class=\"elementor-element elementor-element-9387db8 elementor-invisible elementor-widget elementor-widget-image\" data-id=\"9387db8\" data-element_type=\"widget\" data-e-type=\"widget\" data-settings=\"{&quot;_animation&quot;:&quot;fadeIn&quot;}\" data-widget_type=\"image.default\">\n\t\t\t\t<div class=\"elementor-widget-container\">\n\t\t\t\t\t\t\t\t\t\t\t\t\t\t\t<img decoding=\"async\" width=\"1024\" height=\"683\" src=\"http:\/\/funeralessanfrancisco.com\/wp-content\/uploads\/2019\/06\/DUELO3-1024x683.png\" class=\"attachment-large size-large wp-image-181\" alt=\"\" srcset=\"http:\/\/funeralessanfrancisco.com\/wp-content\/uploads\/2019\/06\/DUELO3-1024x683.png 1024w, http:\/\/funeralessanfrancisco.com\/wp-content\/uploads\/2019\/06\/DUELO3-600x400.png 600w, http:\/\/funeralessanfrancisco.com\/wp-content\/uploads\/2019\/06\/DUELO3-300x200.png 300w, http:\/\/funeralessanfrancisco.com\/wp-content\/uploads\/2019\/06\/DUELO3-768x512.png 768w, http:\/\/funeralessanfrancisco.com\/wp-content\/uploads\/2019\/06\/DUELO3.png 1200w\" sizes=\"(max-width: 1024px) 100vw, 1024px\" \/>\t\t\t\t\t\t\t\t\t\t\t\t\t\t\t<\/div>\n\t\t\t\t<\/div>\n\t\t\t\t\t<\/div>\n\t\t<\/div>\n\t\t\t\t<div class=\"elementor-column elementor-col-50 elementor-top-column elementor-element elementor-element-27a4dda\" data-id=\"27a4dda\" data-element_type=\"column\" data-e-type=\"column\">\n\t\t\t<div class=\"elementor-widget-wrap elementor-element-populated\">\n\t\t\t\t\t\t<div class=\"elementor-element elementor-element-088dff7 elementor-widget elementor-widget-heading\" data-id=\"088dff7\" data-element_type=\"widget\" data-e-type=\"widget\" data-widget_type=\"heading.default\">\n\t\t\t\t<div class=\"elementor-widget-container\">\n\t\t\t\t\t<h2 class=\"elementor-heading-title elementor-size-default\">Preparaci\u00f3n  Y Embalsamamiento <\/h2>\t\t\t\t<\/div>\n\t\t\t\t<\/div>\n\t\t\t\t<div class=\"elementor-element elementor-element-5e8ba2e elementor-widget elementor-widget-text-editor\" data-id=\"5e8ba2e\" data-element_type=\"widget\" data-e-type=\"widget\" data-widget_type=\"text-editor.default\">\n\t\t\t\t<div class=\"elementor-widget-container\">\n\t\t\t\t\t\t\t\t\t<p>Este procedimiento consiste en preservar el cuerpo del ser querido, permitiendo prolongar el estado del cuerpo.<\/p>\t\t\t\t\t\t\t\t<\/div>\n\t\t\t\t<\/div>\n\t\t\t\t<div class=\"elementor-element elementor-element-6a421a4 elementor-widget elementor-widget-text-editor\" data-id=\"6a421a4\" data-element_type=\"widget\" data-e-type=\"widget\" data-widget_type=\"text-editor.default\">\n\t\t\t\t<div class=\"elementor-widget-container\">\n\t\t\t\t\t\t\t\t\t<ul><li>Preparaci\u00f3n para 24 Horas.<\/li><li>Preparaci\u00f3n para 48 Horas.<\/li><li>Preparaci\u00f3n en laboratorio certificado.<\/li><\/ul>\t\t\t\t\t\t\t\t<\/div>\n\t\t\t\t<\/div>\n\t\t\t\t\t<\/div>\n\t\t<\/div>\n\t\t\t\t\t<\/div>\n\t\t<\/section>\n\t\t\t\t<section class=\"elementor-section elementor-top-section elementor-element elementor-element-a6bfe92 elementor-section-boxed elementor-section-height-default elementor-section-height-default\" data-id=\"a6bfe92\" data-element_type=\"section\" data-e-type=\"section\">\n\t\t\t\t\t\t<div class=\"elementor-container elementor-column-gap-default\">\n\t\t\t\t\t<div class=\"elementor-column elementor-col-50 elementor-top-column elementor-element elementor-element-6bd71c5\" data-id=\"6bd71c5\" data-element_type=\"column\" data-e-type=\"column\">\n\t\t\t<div class=\"elementor-widget-wrap elementor-element-populated\">\n\t\t\t\t\t\t<div class=\"elementor-element elementor-element-292613c elementor-invisible elementor-widget elementor-widget-image\" data-id=\"292613c\" data-element_type=\"widget\" data-e-type=\"widget\" data-settings=\"{&quot;_animation&quot;:&quot;fadeIn&quot;}\" data-widget_type=\"image.default\">\n\t\t\t\t<div class=\"elementor-widget-container\">\n\t\t\t\t\t\t\t\t\t\t\t\t\t\t\t<img loading=\"lazy\" decoding=\"async\" width=\"640\" height=\"387\" src=\"http:\/\/funeralessanfrancisco.com\/wp-content\/uploads\/2019\/06\/repatria.png\" class=\"attachment-large size-large wp-image-243\" alt=\"\" srcset=\"http:\/\/funeralessanfrancisco.com\/wp-content\/uploads\/2019\/06\/repatria.png 640w, http:\/\/funeralessanfrancisco.com\/wp-content\/uploads\/2019\/06\/repatria-600x363.png 600w, http:\/\/funeralessanfrancisco.com\/wp-content\/uploads\/2019\/06\/repatria-300x181.png 300w\" sizes=\"(max-width: 640px) 100vw, 640px\" \/>\t\t\t\t\t\t\t\t\t\t\t\t\t\t\t<\/div>\n\t\t\t\t<\/div>\n\t\t\t\t\t<\/div>\n\t\t<\/div>\n\t\t\t\t<div class=\"elementor-column elementor-col-50 elementor-top-column elementor-element elementor-element-abade7d\" data-id=\"abade7d\" data-element_type=\"column\" data-e-type=\"column\">\n\t\t\t<div class=\"elementor-widget-wrap elementor-element-populated\">\n\t\t\t\t\t\t<div class=\"elementor-element elementor-element-73155de elementor-widget elementor-widget-heading\" data-id=\"73155de\" data-element_type=\"widget\" data-e-type=\"widget\" data-widget_type=\"heading.default\">\n\t\t\t\t<div class=\"elementor-widget-container\">\n\t\t\t\t\t<h2 class=\"elementor-heading-title elementor-size-default\">Repatriaci\u00f3n Funeraria<\/h2>\t\t\t\t<\/div>\n\t\t\t\t<\/div>\n\t\t\t\t<div class=\"elementor-element elementor-element-cf0c802 elementor-widget elementor-widget-text-editor\" data-id=\"cf0c802\" data-element_type=\"widget\" data-e-type=\"widget\" data-widget_type=\"text-editor.default\">\n\t\t\t\t<div class=\"elementor-widget-container\">\n\t\t\t\t\t\t\t\t\t<p>En esos dif\u00edciles momentos es imprescindible contar con un equipo especializado, \u00e1gil y resolutivo, capaz de liderar el proceso de repatriaci\u00f3n en el menor tiempo posible.<\/p>\t\t\t\t\t\t\t\t<\/div>\n\t\t\t\t<\/div>\n\t\t\t\t\t<\/div>\n\t\t<\/div>\n\t\t\t\t\t<\/div>\n\t\t<\/section>\n\t\t\t\t<section class=\"elementor-section elementor-top-section elementor-element elementor-element-a05ac01 elementor-section-boxed elementor-section-height-default elementor-section-height-default\" data-id=\"a05ac01\" data-element_type=\"section\" data-e-type=\"section\">\n\t\t\t\t\t\t<div class=\"elementor-container elementor-column-gap-default\">\n\t\t\t\t\t<div class=\"elementor-column elementor-col-50 elementor-top-column elementor-element elementor-element-b19efef\" data-id=\"b19efef\" data-element_type=\"column\" data-e-type=\"column\">\n\t\t\t<div class=\"elementor-widget-wrap elementor-element-populated\">\n\t\t\t\t\t\t<div class=\"elementor-element elementor-element-7d85d8d elementor-invisible elementor-widget elementor-widget-image\" data-id=\"7d85d8d\" data-element_type=\"widget\" data-e-type=\"widget\" data-settings=\"{&quot;_animation&quot;:&quot;fadeIn&quot;}\" data-widget_type=\"image.default\">\n\t\t\t\t<div class=\"elementor-widget-container\">\n\t\t\t\t\t\t\t\t\t\t\t\t\t\t\t<img loading=\"lazy\" decoding=\"async\" width=\"450\" height=\"300\" src=\"http:\/\/funeralessanfrancisco.com\/wp-content\/uploads\/2019\/06\/yasdf.jpg\" class=\"attachment-large size-large wp-image-191\" alt=\"\" srcset=\"http:\/\/funeralessanfrancisco.com\/wp-content\/uploads\/2019\/06\/yasdf.jpg 450w, http:\/\/funeralessanfrancisco.com\/wp-content\/uploads\/2019\/06\/yasdf-300x200.jpg 300w\" sizes=\"(max-width: 450px) 100vw, 450px\" \/>\t\t\t\t\t\t\t\t\t\t\t\t\t\t\t<\/div>\n\t\t\t\t<\/div>\n\t\t\t\t\t<\/div>\n\t\t<\/div>\n\t\t\t\t<div class=\"elementor-column elementor-col-50 elementor-top-column elementor-element elementor-element-4572c51\" data-id=\"4572c51\" data-element_type=\"column\" data-e-type=\"column\">\n\t\t\t<div class=\"elementor-widget-wrap elementor-element-populated\">\n\t\t\t\t\t\t<div class=\"elementor-element elementor-element-440c1af elementor-widget elementor-widget-heading\" data-id=\"440c1af\" data-element_type=\"widget\" data-e-type=\"widget\" data-widget_type=\"heading.default\">\n\t\t\t\t<div class=\"elementor-widget-container\">\n\t\t\t\t\t<h2 class=\"elementor-heading-title elementor-size-default\">Nuestros servicios funerarios cuentan con:<\/h2>\t\t\t\t<\/div>\n\t\t\t\t<\/div>\n\t\t\t\t<div class=\"elementor-element elementor-element-2ad429e elementor-widget elementor-widget-text-editor\" data-id=\"2ad429e\" data-element_type=\"widget\" data-e-type=\"widget\" data-widget_type=\"text-editor.default\">\n\t\t\t\t<div class=\"elementor-widget-container\">\n\t\t\t\t\t\t\t\t\t<ul><li style=\"font-size: 14px;\">Mobiliario acorde a sus necesidades<\/li><li>Capillas a domicilio<\/li><li style=\"font-size: 14px;\">Servicio de alimentaci\u00f3n y refrigerio<\/li><li>Fabricaci\u00f3n de lapidas<\/li><li>Carroza f\u00fanebre<\/li><li>Tramites legales<\/li><li>Traslados a todo el pa\u00eds<\/li><li>Aceptamos tarjetas de cr\u00e9dito, Visa, Mastercard y Credomatic<\/li><\/ul>\t\t\t\t\t\t\t\t<\/div>\n\t\t\t\t<\/div>\n\t\t\t\t<div class=\"elementor-element elementor-element-c006beb elementor-button-warning elementor-widget elementor-widget-button\" data-id=\"c006beb\" data-element_type=\"widget\" data-e-type=\"widget\" data-widget_type=\"button.default\">\n\t\t\t\t<div class=\"elementor-widget-container\">\n\t\t\t\t\t\t\t\t\t<div class=\"elementor-button-wrapper\">\n\t\t\t\t\t<a class=\"elementor-button elementor-button-link elementor-size-sm\" href=\"http:\/\/funeralessanfrancisco.com\/?page_id=29\">\n\t\t\t\t\t\t<span class=\"elementor-button-content-wrapper\">\n\t\t\t\t\t\t\t\t\t<span class=\"elementor-button-text\">Cont\u00e1ctenos<\/span>\n\t\t\t\t\t<\/span>\n\t\t\t\t\t<\/a>\n\t\t\t\t<\/div>\n\t\t\t\t\t\t\t\t<\/div>\n\t\t\t\t<\/div>\n\t\t\t\t\t<\/div>\n\t\t<\/div>\n\t\t\t\t\t<\/div>\n\t\t<\/section>\n\t\t\t\t<\/div>\n\t\t","protected":false},"excerpt":{"rendered":"<p>Nuestros SERVICIOS Nos especializamos en servicios funerarios en el Oriente de Guatemala, con m\u00e1s de 29 a\u00f1os de experiencia, siendo el respaldo que su familia necesita en los momentos mas dif\u00edciles. Contratos Funerarios Estar preparados para los momentos inesperados de la vida es un gran legado de amor y tranquilidad para nuestros seres queridos. En&hellip;&nbsp;<a href=\"http:\/\/funeralessanfrancisco.com\/?page_id=27\" rel=\"bookmark\"><span class=\"screen-reader-text\">Servicios<\/span><\/a><\/p>\n","protected":false},"author":1,"featured_media":0,"parent":0,"menu_order":0,"comment_status":"closed","ping_status":"closed","template":"","meta":{"neve_meta_sidebar":"","neve_meta_container":"","neve_meta_enable_content_width":"","neve_meta_content_width":0,"neve_meta_title_alignment":"","neve_meta_author_avatar":"","neve_post_elements_order":"","neve_meta_disable_header":"","neve_meta_disable_footer":"","neve_meta_disable_title":"","_joinchat":[],"footnotes":""},"class_list":["post-27","page","type-page","status-publish","hentry"],"_links":{"self":[{"href":"http:\/\/funeralessanfrancisco.com\/index.php?rest_route=\/wp\/v2\/pages\/27","targetHints":{"allow":["GET"]}}],"collection":[{"href":"http:\/\/funeralessanfrancisco.com\/index.php?rest_route=\/wp\/v2\/pages"}],"about":[{"href":"http:\/\/funeralessanfrancisco.com\/index.php?rest_route=\/wp\/v2\/types\/page"}],"author":[{"embeddable":true,"href":"http:\/\/funeralessanfrancisco.com\/index.php?rest_route=\/wp\/v2\/users\/1"}],"replies":[{"embeddable":true,"href":"http:\/\/funeralessanfrancisco.com\/index.php?rest_route=%2Fwp%2Fv2%2Fcomments&post=27"}],"version-history":[{"count":26,"href":"http:\/\/funeralessanfrancisco.com\/index.php?rest_route=\/wp\/v2\/pages\/27\/revisions"}],"predecessor-version":[{"id":555,"href":"http:\/\/funeralessanfrancisco.com\/index.php?rest_route=\/wp\/v2\/pages\/27\/revisions\/555"}],"wp:attachment":[{"href":"http:\/\/funeralessanfrancisco.com\/index.php?rest_route=%2Fwp%2Fv2%2Fmedia&parent=27"}],"curies":[{"name":"wp","href":"https:\/\/api.w.org\/{rel}","templated":true}]}}